ulate a(j).
-2
Let a(x) = 6*x + 17. Let r(l) = 2*l + 3. Let m(d) = 2*d + 2. Let c(t) = 4*m(t) - 3*r(t). Let k(j) = a(j) - 2*c(j). What is k(-8)?
3
Suppose 0 = -3*q + 7*x - 2*x + 33, -q + 28 = 4*x. Suppose -l - 3*l + q = 0. Let c(v) = 2 + 14 - 14 - l*v**2. Calculate c(-2).
-14
Suppose 2*m - 4*p = -4, 132*m - 137*m = -3*p + 24. Let j(f) = 2*f**2 - f + 18. Let a(q) = 3*q**2 - 3*q + 34. Let b(u) = 3*a(u) - 5*j(u). What is b(m)?
0
Let x = 1633 - 1626. Let p(f) = f**3 - 5*f**2 - 13*f - 6. What is p(x)?
1
Let k(i) = -i**3 + 11*i**2 - 16. Suppose 11*t - 9 + 185 = 0. Let c be (-172)/t*1 - (-1)/4. What is k(c)?
-16
Let z(i) = -3*i - 10. Let t be z(-5). Suppose 4*o = t*w - 2, -4*o - w + 4 = -6. Suppose -4*y = 2*f, 4*f + 8 = o*f. Let b(m) = -2*m**2 + 3*m - 1. Give b(y).
-3
Let h(u) be the first derivative of -u**3/3 - 4*u**2 - u + 1. Let o = -326398 - -326393. What is h(o)?
14
Let d(n) = 12*n**2 - 10*n - 104. Let o(f) = 7*f**2 - 6*f - 55. Let p(j) = -3*d(j) + 5*o(j). What is p(5)?
12
Let f(z) = 10*z**2 - 2. Let i be f(-1). Let x(g) = 7 + 35*g + 33*g + 28*g - 97*g. Calculate x(i).
-1
Let c(o) be the second derivative of o**4/6 - o**3/3 - o**2/2 + 914*o. Let u(g) = g + 1. Let h be u(3). Suppose -h*z = 3*a + 19, -3*a - z = 3 + 4. Give c(a).
3
Let v(i) be the second derivative of 43*i**3/6 - 447*i**2/2 + 4*i - 207. What is v(10)?
-17
Let g be (-5)/2*-9*18/135. Let b(w) = w - 7 + 3 + 0*w + 0. Determine b(g).
-1
Let w(y) = 9*y. Let n(r) = -r**2 + 40*r - 40. Let b be n(39). Calculate w(b).
-9
Suppose 49*a = 50*a - 4. Suppose -18*l + 176 = a*l. Let p(s) = -2*s + s - 3 + 2*s. Calculate p(l).
5
Let o(v) = 22*v**2 - 89*v + 8. Let c = -29184 + 29188. Determine o(c).
4
Let a(w) = -w**2 - w. Let g = -93 + 96. Suppose -g*f + 25 = 13. Determine a(f).
-20
Let q(g) = -g**3 + 23*g**2 + 2*g - 40. Let b be q(23). Suppose 2*t = 42 - 6. Let p be ((-8)/b)/(4/t - 0). Let n(k) = k**3 + 5*k**2 - 5*k + 8. Calculate n(p).
2
Suppose 442 = 45*j - 32*j. Suppose 4*g - 8 = -0*g. Let d(f) = 7 + 12 - j - f + f**g + 6. Determine d(0).
-9
Let n(x) = 18*x**2 - 31*x - 19. Let r(b) be the first derivative of 7*b**3/3 - 15*b**2/2 - 10*b + 239. Let d(v) = -2*n(v) + 5*r(v). What is d(-11)?
10
Let o(c) = -c. Let z(j) = -24*j. Let k(a) = -16*o(a) + 2*z(a). Suppose 128 = -2*i - 9*b, -4*i + 170*b = 174*b + 60. Give k(i).
32
Let u be 86/18 - ((-2)/12 + (-22)/396). Let z(r) = 2*r**2 + 3*r. Let l(j) = -3*j**2 - 2*j + 1. Let g(y) = -3*l(y) - 4*z(y). What is g(u)?
-8
Let u(t) be the first derivative of t**6/120 + t**5/30 - 5*t**4/24 - t**3/3 + 55*t**2/2 - 7. Let s(a) be the second derivative of u(a). Calculate s(-3).
4
Let g(n) be the first derivative of n**2/2 + 7*n + 1781. Suppose 14 = 2*m - 6*f + 2*f, 4*m = 2*f - 2. What is g(m)?
4
Let b(k) = 2*k**2 - 4*k + 10. Let z(o) = -24*o + 220. Let q be z(9). Calculate b(q).
26
Let b(s) = 3*s**3 + 4*s**2 - 7*s - 7. Let p(j) = 7*j**3 + 7*j**2 - 14*j - 14. Let l(u) = 5*b(u) - 2*p(u). Let x = -263 - -149. Let k = x - -107. What is l(k)?
-7
Let r(p) be the second derivative of p**5/20 + 3*p**4/2 - 61*p**3/6 + 39*p**2/2 - 54*p. Let v be r(-21). Let z(a) = a**2 + 2*a + 6. What is z(v)?
9
Let l(d) be the third derivative of -3*d + 22*d**2 - 1/60*d**5 + 5/24*d**4 + 11/6*d**3 + 0. What is l(8)?
-13
Suppose -5*f - 56 + 36 = 5*p, -4*p - 64 = -20*f. Let v be 0 - (0/1)/2. Let c(d) = -d + 5 - d**2 + v*d - 4*d. Calculate c(p).
-1
Let y(d) = 76*d**3 - 2*d**2 - 3*d - 5. Let j(n) = 159*n**3 - 4*n**2 - 6*n - 11. Let z(b) = -5*j(b) + 11*y(b). Calculate z(-1).
-40
Let c(m) = -5 - 8*m**2 - 3*m + 3 + 5*m + 3*m - 2. Calculate c(1).
-7
Let c(q) = 0*q**2 + 170*q**3 + 5*q - 9*q**2 - 169*q**3 + 12. What is c(8)?
-12
Let i(p) be the second derivative of -p**5/20 - p**3/6 - 7*p**2/2 - 217675*p. Let v be 2/(-5) - 4/(-10). Calculate i(v).
-7
Let w(z) = -3 + 84*z - 167*z + 77*z - z**2. Let t(s) = 16*s + 9. Let o be t(-1). What is w(o)?
-10
Let y(u) be the third derivative of 7*u**5/30 + u**4/24 - u**3/6 + 13*u**2 + 19. Calculate y(2).
57
Let m(g) = -7*g**3 + 3*g**2 - 2*g. Let a be m(1). Let f be -6*(-2 - 10/a). Let y(k) = -f + k - 4 + 7 + 1. Give y(2).
4
Let m(h) = 2*h - 11. Let x be m(-4). Let w = x + 28. Suppose 4*r = -w - 7. Let q(n) = -n**3 - 4*n**2 + n. What is q(r)?
-4
Let c(l) = 10*l - 47. Let n(y) = -6*y + 44. Let s(t) = 4*c(t) + 6*n(t). Determine s(0).
76
Let x(u) = -u**2 + 3*u - 1. Let k be x(2). Let p be (1/(-4 - -5) - 2)*-1673. Let s(c) = -6*c**2 - 1674 - 5*c + 6*c + p. Give s(k).
-6
Let x(a) = -7*a**3 + 2*a**2 - a + 22. Let k(c) = -27*c**3 + 9*c**2 - 3*c + 92. Let w(p) = 6*k(p) - 23*x(p). Determine w(9).
10
Let p(r) = -4*r**2 + 5*r. Suppose -2*u = -6*u + 880. Let n = u + -218. What is p(n)?
-6
Suppose -k - 3 = -97*d + 99*d, k + d + 5 = 0. Let q(m) = -3*m + 5*m + 8 + m**2 + 5*m. Give q(k).
8
Let g(s) = s**3 - 9*s**2 + 13*s + 3. Let c(m) = 11*m - 313. Let w be c(29). Determine g(w).
-27
Let m(b) be the third derivative of -b**6/120 - 7*b**5/30 - 11*b**4/12 + 5*b**3/6 + 5586*b**2. What is m(-12)?
-19
Let f(y) = 149 - 201240*y**2 + 201239*y**2 + 11*y + 9*y. What is f(26)?
-7
Let j(k) be the third derivative of -k**8/6720 - k**7/630 + k**6/720 + k**5/30 + 11*k**4/6 + 81*k**2. Let f(a) be the second derivative of j(a). What is f(-4)?
0
Let j(f) = f**3 + 3*f**2 - 27*f + 1. Suppose 140*k - 71*k + 56 = 83*k. Calculate j(k).
5
Let a = 38 - 29. Suppose -n + 16 = a. Let h(j) = -j**2 + n - 7 + 3 + 3*j. What is h(-3)?
-15
Let z = 10713 - 10709. Let p(o) = 5*o - 27. Calculate p(z).
-7
Let a be 11342/(-2889) - 4/54. Let r(l) = -13*l - 46. Calculate r(a).
6
Let m = 23504 - 23500. Let p(v) = v**3 - v**2 + 7*v - 9. What is p(m)?
67
Suppose -5 = -4*w + 15. Let k be (16*(-1)/w)/((-26)/65). Let b(j) = -j**3 + 9*j**2 - 8*j - 3. Calculate b(k).
-3
Suppose 10 = 4*w + p, 2*w - 5*p - 8 = -4*p. Let k(d) = d**3 - 2*d - 15. Calculate k(w).
6
Let v(y) = -y**2 + 9*y - 13. Suppose -17*h = h - 90. Suppose -3*n + n - 4 = 0, 4*n + 38 = h*r. What is v(r)?
5
Let x = 4970 - 4978. Let t(z) = 2*z**2 - 3*z - 23. Let i(c) = c**2 - c - 11. Let m(a) = 9*i(a) - 4*t(a). Determine m(x).
33
Let s = -502 - -521. Let t(i) = -s*i + 7 - 7 - i**3 + 41 + i**2 + 19*i. Give t(0).
41
Suppose -10*b = -8132 + 8202. Let r(f) = 7*f**2 + 2*f + 6. Let d(n) = -n**2 + n. Let w(v) = -6*d(v) - r(v). Calculate w(b).
1
Let f(o) = -o - 1. Let r = -31 + 22. Let c be (1/r)/(2/(-6))*-3. Let n = -6 - c. Calculate f(n).
4
Let a(c) = -c - 13. Let g be -41 + ((-28)/8 - (-2)/4). Let q = g - -35. Let w be a(q). Let m(n) = n**3 + 4*n**2 + n + 1. Calculate m(w).
-3
Let d = 4319 - 4359. Let b(x) = x**2 + 37*x - 121. Determine b(d).
-1
Let p(h) = 3*h + 44. Suppose -34*n = -56 - 292 - 264. Give p(n).
98
Let t(d) be the third derivative of -d**6/40 + d**5/60 - d**4/12 + d**3/3 - 649*d**2. Calculate t(2).
-22
Let v = -10 + 12. Suppose 2*o - c - v*c - 15 = 0, -4*o + 4*c = -24. Let d(p) = -7*p**2 + 8*p + 6 + p**o - 10*p + 6*p. Determine d(6).
-6
Suppose 5*q - 189 = 211. Suppose -4*w + q - 72 = 0. Let h(d) = -4*d - 1. Determine h(w).
-9
Let g(z) = 12*z**2 + 47*z + 31. Let v(a) = 9*a**2 + 42*a + 29. Let t(o) = -2*g(o) + 3*v(o). Determine t(-10).
5
Let z(m) be the second derivative of 1/20*m**5 + 1/3*m**3 + 20*m + 2 - 5/12*m**4 + 0*m**2. Suppose 15 = -3*v, -3 = 3*q + 3*v - 0. Calculate z(q).
-8
Suppose -4*o + 26 = -y, -5*o - 5*y = -63 + 18. Suppose 3 - o = -2*x. Let p(r) = r**2 + r**2 - 1 + x*r**3 + 47*r - 45*r. Give p(-2).
-13
Let n(w) = w**2 + 7*w + 5. Let a(j) = -11*j - 37. Let x(u) = -u**3 + 6*u**2 - 3. Let h be x(6). Let v be a(h). What is n(v)?
-7
Suppose a - 79 = 2*f - 4*a, 10 = 2*a. Let p be f/(-36)*12/3. Let v(o) = p - 3 - 2 + 15 - o. Calculate v(0).
13
Let s(a) = a**2 + 3*a - 32. Let n be s(4). Let x be -32*(-3)/30 + n/20. Let c(w) = -3*w**2 + w + 2. What is c(x)?
-22
Let x(w) = -68*w + 411. Let c(u) = -114*u + 686. Let q(o) = 7*c(o) - 12*x(o). What is q(7)?
-4
Let o(z) = z**2 + 5*z + 11. Suppose 0 = -b - 2*t + 2, 4*b = -7*t + 3*t + 12. Let c(r) = -3*r**2 - 15*r - 31. Let h(n) = b*c(n) + 11*o(n). What is h(-3)?
3
Let u(h) = 2*h - 25. Suppose -d + n + 6 = -0*n, d = 3*n + 18. What is u(d)?
-25
Let h(q) = 17*q + 70. Let w(u) = 57*u + 211. Let d(k) = 7*h(k) - 2*w(k). Calculate d(-14).
-2
Let l(h) = 51 - 15358*h + 30715*h - 15353*h. Calculate l(-11).
7
Let q(n) = 